 Determine c(-5).
-639
Let g(o) = 2*o**2 - 14*o - 656. What is g(-15)?
4
Let n(t) = -49*t**2 + t + 4. Calculate n(2).
-190
Let r(n) = n**3 + 21*n**2 - 94*n + 8. Give r(-25).
-142
Let r(w) = w**2 + 458*w + 4485. What is r(-10)?
5
Let q(l) = l**2 - 72*l - 799. What is q(-10)?
21
Let y(u) = u**3 + 20*u**2 - 5*u + 10. What is y(0)?
10
Let p(m) = -15*m**3 + 17*m + 16. What is p(-1)?
14
Let r(x) = -79*x + 160. Calculate r(1).
81
Let v(s) = -9*s - 436. Calculate v(-41).
-67
Let b(z) = -12*z**2 - 73*z + 2. Calculate b(-6).
8
Let k(n) = -89*n + 15580. Calculate k(175).
5
Let n(d) = 2*d**3 + 170*d**2 + 2411*d - 15. What is n(-18)?
3
Let i(q) = 105*q - 550. Give i(6).
80
Let j(c) = c**3 + 3*c**2 + 151*c + 799. Determine j(-5).
-6
Let w(n) = -187*n + 44. What is w(0)?
44
Let d(c) = 4*c**3 + 90*c**2 + 465*c + 19. What is d(-8)?
11
Let r(o) = -6*o**2 - 182*o + 1. Give r(-30).
61
Let k(n) = 323*n - 7428. Determine k(23).
1
Let m(h) = -30*h - 594. Determine m(-21).
36
Let d(j) = j**2 - 27*j + 187. Determine d(19).
35
Let i(c) = -62*c + 7728. What is i(124)?
40
Let b(j) = 151*j + 172. Give b(-1).
21
Let r(y) = -y**3 + 95*y**2 + 15*y - 1432. Determine r(95).
-7
Let c(h) = -h**3 - 5*h**2 - 7*h - 11. Determine c(-3).
-8
Let j(c) = -c**3 + 47*c**2 + 54*c - 285. Calculate j(48).
3
Let m(j) = -j**3 - 4*j**2 + 7*j - 96. Determine m(-7).
2
Let m(n) = n**2 + 105*n + 1591. Determine m(-87).
25
Let u(k) = -22*k + 912. Calculate u(42).
-12
Let i(h) = 2*h**3 - 52*h**2 - 49*h - 159. Determine i(27).
-24
Let z(n) = n**3 - 10*n**2 - 33*n + 381. Calculate z(9).
3
Let t(h) = -18*h + 29. Calculate t(-8).
173
Let z(h) = 2*h**2 + 23*h + 93. Calculate z(-17).
280
Let y(x) = 5*x**3 + 19*x**2 + 4*x + 54. What is y(-4)?
22
Let f(m) = -m**3 - 32*m**2 + 26*m + 839. Determine f(-32).
7
Let l(w) = -26*w**2 + 64*w - 130. What is l(2)?
-106
Let c(t) = -242*t - 3153. Give c(-13).
-7
Let f(a) = -a**3 - 6*a**2 - 9*a - 29. What is f(-4)?
-25
Let j(m) = -2*m**3 - 40*m**2 - 11*m - 232. Calculate j(-20).
-12
Let i(c) = 15133*c - 90804. What is i(6)?
-6
Let x(g) = 17*g**2 + 1593*g - 471. Determine x(-94).
-1
Let s(r) = r**3 + 7*r**2 - 16*r - 92. Determine s(-8).
-28
Let j(h) = 1227*h - 109201. Determine j(89).
2
Let x(q) = 12*q - 133. Determine x(10).
-13
Let u(q) = 4*q**2 + 47*q + 125. What is u(-3)?
20
Let d(n) = 2*n**3 - 37*n**2 + 9*n - 492. Calculate d(19).
40
Let v(s) = 10*s**2 - 194*s + 609. Calculate v(4).
-7
Let q(w) = 52*w**2 - 256*w - 20. Give q(5).
0
Let d(q) = -3*q**3 - 4*q - 4. What is d(-1)?
3
Let l(p) = -5*p**3 - 89*p**2 + 23*p - 12. What is l(-18)?
-102
Let s(p) = 18*p + 11. Determine s(-2).
-25
Let c(q) = -265*q + 4. Calculate c(0).
4
Let r(h) = 4*h**2 + 32*h + 63. Determine r(-4).
-1
Let t(v) = -418*v + 7039. Give t(17).
-67
Let x(f) = 425*f - 2152. Determine x(5).
-27
Let a(d) = -60*d**2 - 252*d - 31. Determine a(-4).
17
Let t(h) = -5*h - 368. Calculate t(-71).
-13
Let g(k) = -3*k**2 - 190*k - 64. What is g(-63)?
-1
Let x(u) = -2*u**2 - 27*u - 116. Determine x(-6).
-26
Let y(s) = 2*s**3 - 16*s**2 - 78*s + 533. Calculate y(9).
-7
Let j(r) = 34*r + 157. What is j(-10)?
-183
Let n(m) = 2*m**3 + 108*m**2 + m + 124. Give n(-54).
70
Let j(s) = 997*s + 37940. Calculate j(-38).
54
Let o(k) = 7*k + 211. Give o(-53).
-160
Let u(m) = m**3 - 17*m**2 + 50*m + 60. Calculate u(13).
34
Let p(t) = -t**3 - 15*t**2 - 30*t - 22. What is p(-13)?
30
Let t(g) = -g**3 - 15*g**2 - 96*g - 918. Calculate t(-13).
-8
Let z(g) = 13*g - 260. Determine z(25).
65
Let r(d) = 27*d + 5184. What is r(-192)?
0
Let q(m) = 22144*m - 66431. Calculate q(3).
1
Let i(s) = 30*s + 428. What is i(-11)?
98
Let p(o) = -2*o**2 - 184*o - 143. Calculate p(-91).
39
Let j(r) = -57*r + 1048. Determine j(19).
-35
Let z(h) = -109*h**3 + h**2 - 8*h + 9. Determine z(1).
-107
Let h(o) = -31*o - 593. Determine h(-16).
-97
Let i(f) = 6*f**2 + 215*f + 1624. Give i(-11).
-15
Let y(j) = 2*j**2 - 40*j + 390. Determine y(14).
222
Let z(q) = -2*q**2 - 26*q + 13. What is z(-13)?
13
Let k(s) = -5*s**3 - 29*s**2 - 35. Determine k(-6).
1
Let w(h) = -3*h**2 - 85*h - 648. Determine w(-15).
-48
Let t(c) = -46*c - 439. Calculate t(-9).
-25
Let b(y) = -y**2 - 78*y + 1175. Calculate b(13).
-8
Let n(x) = 251*x - 27107. Calculate n(108).
1
Let l(q) = 17*q**2 - 64*q + 47. What is l(3)?
8
Let h(n) = -58*n - 381. Determine h(-5).
-91
Let i(t) = -3*t**2 + 110*t - 963. Determine i(12).
-75
Let w(f) = -4*f**2 - 60*f - 306. What is w(-6)?
-90
Let b(g) = 2*g**3 - 40*g**2 - 69*g + 1386. Calculate b(20).
6
Let z(f) = 2*f**2 - 77*f - 132. Give z(43).
255
Let t(s) = -109*s + 130. Calculate t(2).
-88
Let y(r) = 27*r + 698. What is y(-26)?
-4
Let k(t) = 31*t**3 + 2*t**2 - 8*t + 8. Calculate k(2).
248
Let z(b) = -b**3 + 40*b**2 + 43*b - 96. Determine z(41).
-14
Let p(a) = -81*a - 21. Determine p(1).
-102
Let z(x) = -2*x**3 + 43*x**2 - 181*x - 8. Give z(6).
22
Let h(f) = 13*f + 596. What is h(-44)?
24
Let i(l) = l**3 + 6*l**2 + 223*l + 631. What is i(-3)?
-11
Let r(x) = -310*x**2 - 2162*x + 66. Determine r(-7).
10
Let v(l) = -l**2 + 409*l - 3994. Give v(10).
-4
Let n(a) = a**2 - 7*a - 3. Calculate n(6).
-9
Let i(f) = 6*f**3 - 120*f**2 + 220*f + 58. Give i(18).
130
Let q(j) = -13*j + 651. Give q(36).
183
Let r(u) = -u**2 - 2*u + 1232. Calculate r(34).
8
Let c(p) = -p**3 - 26*p**2 + 236*p - 42. Calculate c(7).
-7
Let t(c) = -5*c**3 + 71*c**2 - 250*c + 5. What is t(8)?
-11
Let x(d) = 17*d + 360. What is x(-26)?
-82
Let h(q) = q**2 - 108*q + 430. Calculate h(4).
14
Let y(k) = 16*k - 958. Give y(59).
-14
Let s(n) = -2*n**2 - 51*n + 82. Determine s(-27).
1
Let h(l) = 4*l**3 + 7*l**2 - 4*l - 3. What is h(1)?
4
Let q(b) = 3*b**2 - 123*b - 881. Determine q(-7).
127
Let m(d) = -4*d**2 + 116*d + 35. What is m(29)?
35
Let d(n) = -n**2 + 1024*n - 27885. Give d(28).
3
Let u(d) = 75*d + 2482. Calculate u(-33).
7
Let a(u) = u**2 + 37*u + 149. What is a(-33)?
17
Let w(y) = y**3 - 6*y**2 - 75*y + 444. Give w(6).
-6
Let n(z) = z**3 - 35*z**2 + 102*z - 2228. Determine n(34).
84
Let h(o) = -o**3 + 42*o**2 + 2*o - 99. Determine h(42).
-15
Let y(w) = w**2 - 30*w - 1. Calculate y(27).
-82
Let x(f) = -29*f**2 + 792*f - 33. What is x(27)?
210
Let f(y) = y**2 - 10*y - 89. Determine f(18).
55
Let k(s) = -33*s**2 + 148*s + 149. Give k(-1).
-32
Let s(w) = 99*w + 1287. Give s(-12).
99
Let j(p) = p**3 - 53*p**2 + 44*p + 429. What is j(52)?
13
Let j(o) = 139*o - 26250. What is j(189)?
21
Let w(k) = 67*k + 110. Calculate w(-2).
-24
Let y(v) = 81*v - 489. Give y(6).
-3
Let s(i) = -i**3 - 40*i**2 + 41*i + 53. Calculate s(-41).
53
Let c(t) = 17*t + 533. Give c(-33).
-28
Let y(t) = 24*t**2 - 176*t - 130. Determine y(8).
-2
Let b(x) = -3*x + 236. What is b(59)?
59
Let g(s) = -26*s**3 + 5*s**2 - 7*s - 24. Give g(-2).
218
Let x(y) = 4*y**2 + 88*y + 68. Give x(-21).
-16
Let z(w) = -4*w + 32. Give z(9).
-4
Let h(p) = 2*p**2 + 141*p + 718. Calculate h(-65).
3
Let w(q) = 3*q**3 + 272*q**2 - 89*q + 189. Determine w(-91).
7
Let z(v) = v**3 - 14*v**2 + 6*v + 65. Calculate z(12).
-151
Let q(y) = -y**3 + 28*y**2 - 145*y - 10. What is q(21)?
32
Let a(q) = 6*q**2 - 109*q + 12. What is a(18)?
-6
Let h(g) = -g**3 - 72*g**2 + 128*g + 4004. Calculate h(-73).
-11
Let h(n) = 4*n**2 - 99*n + 648. Calculate h(8).
112
Let t(c) = 59*c + 2360. Calculate t(-40).
0
Let f(r) = -r**2 - 451*r - 6949. What is f(-16)?
11
Let l(a) = a**3 + 141*a**2 + 277*a - 3. Determine l(-2).
-1
Let v(c) = 11*c**3 - 88*c**2 - 102*c + 30. Calculate v(9).
3
Let k(t) = 32*t - 1952. Determine k(61).
0
Let t(r) = 117*r. What is t(-1)?
-117
Let t(u) = -3*u**2 + 58*u - 59. Determine t(1).
-4
Let q(n) = -n**2 + 53*n + 344. What is q(60)?
-76
Let p(m) = -m**2 - 101*m + 1349. What is p(-113)?
-7
Let n(z) = 2*z**2 + 320*z + 10481. What is n(-114)?
-7
Let z(h) = -8*h + 50. Give z(16).
-78
Let t(o) = -o**2 - 82*o - 522. Determine t(-75).
3
Let x(y) = y**3 + 3*y**2 - 54*y - 14. What is x(-9)?
-14
Let h(d) = d**2 + 82*d - 700. Calculate h(7).
-77
Let z(g) = -g**3 + 5*g**2 + 39*g - 163. What is z(7)?
12
Let w(h) = -h**2 + 2165*h + 41448. Calculate w(-19).
-48
Let v(i) = 799*i + 3204. What is v(-4)?
8
Let c(y) = y**2 - 32*y - 734. Determine c(-20).
306
Let n(x) = 3*x**3 + 11*x**2 + 2*x - 14. Give n(-4).
-38
Let r(q) = -187*q + 565. Calculate r(3).
4
Let n(o) = -o**3 + o